common factor of 55 and q?
11
Let a = 62 + 2. Calculate the greatest common factor of 16 and a.
16
Suppose 4*i - 2*i = 0. Suppose i - 4 = -2*v. What is the highest common factor of v and 3?
1
Let y(c) = 2*c - 9. Let s(k) = -k + 3. Let g(a) = -8*s(a) - 3*y(a). Let d be g(6). Let m = 2 + 28. What is the highest common factor of d and m?
15
Let b = -5 + 6. Let t = -7 + 11. Calculate the greatest common divisor of b and t.
1
Suppose 0 = -10*h - 467 + 1417. What is the highest common divisor of 38 and h?
19
Let i be (24/3)/(-4 - -5). Calculate the greatest common divisor of 8 and i.
8
Let o = -2 - -5. Suppose 5*t + 2*s = 33, o*s - s - 13 = -t. Suppose a - t = 5. What is the greatest common divisor of 50 and a?
10
Let s(v) = v**2 + 4*v - 5. Let q be s(-5). Suppose q = -3*a + 4*m + 22, -5*a + 7*m - 2*m = -30. What is the greatest common factor of a and 4?
2
Let z = 56 - 11. Let h be (z/2)/((-3)/(-4)). Suppose -2*w = -t + 3 + 7, 0 = 3*t + w - 30. Calculate the greatest common factor of t and h.
10
Suppose -5*b = -4*o + 1356, b - 8 = 3*b. Suppose -5*p - l - l - o = 0, -4*p - 281 = -3*l. Let h = p + 124. Calculate the highest common divisor of h and 7.
7
Let z be 2/4*3*24. Suppose -3*n + 89 = 4*o - 16, 3*o = 2*n + 66. Calculate the highest common divisor of o and z.
12
Suppose 0 = 3*j + 3 + 3. Let p be j/(-2*(-1)/(-35)). Calculate the highest common factor of 7 and p.
7
Let n be ((-98)/5)/((-5)/25). Calculate the highest common divisor of n and 14.
14
Suppose 2*d + 8 = 6*g - g, 2*d = -5*g + 12. Let q be 20 - 2/2 - 1. What is the greatest common factor of q and g?
2
Suppose -14 + 58 = 4*j. What is the greatest common divisor of j and 121?
11
Suppose -171 = -7*g - 2*g. What is the highest common factor of g and 19?
19
Let l = 17 - 9. Let k = -5 + l. Suppose 3*h = 2*r + 560 - 159, h = k*r + 136. What is the highest common factor of h and 19?
19
Suppose 2*o + 32 - 80 = -q, 2*q - 5*o - 114 = 0. Suppose -2*v + q = -0*v. Calculate the greatest common divisor of v and 13.
13
Let n(z) = -z**2 - 11*z - 1. Let o be n(-9). What is the greatest common divisor of 68 and o?
17
Let x(d) = -9*d - 2. Let u be x(-4). Suppose 0*l = l - u. Calculate the greatest common divisor of l and 85.
17
Suppose 5*i - 533 = -3*n, -n + 0*n = 4*i - 187. Let c be 37/1 + 0 + 1. Let g be (-3)/(-2)*c/3. Calculate the greatest common factor of g and n.
19
Let d(k) = 4 - 23*k - 2 - 7. Let w be d(4). Let c be 1 - (w + -2 + 1). Calculate the greatest common factor of 11 and c.
11
Let b(n) = -n**3 + 12*n**2 + 15*n - 10. Let j be b(13). Calculate the greatest common factor of j and 64.
16
Let p = 20 + -93. Let u = -48 - -175. Let h = u + p. What is the highest common divisor of h and 9?
9
Let z = 82 - 5. Calculate the highest common divisor of z and 11.
11
Let b be 22/2 - (-1 - 0). Suppose p - 29 = 31. Calculate the highest common divisor of p and b.
12
Suppose 0*c + 3*c = 2*b - 17, 12 = 4*c. Calculate the highest common factor of 117 and b.
13
Let g be (1/(-3))/((-8)/72). Let m be (132 + -3)/1 - g. Let f = -6 + 20. Calculate the highest common divisor of m and f.
14
Suppose 3*t - 2074 = -589. Calculate the greatest common divisor of t and 45.
45
Let r = 474 - 199. Suppose 4*m - r - 445 = 0. Let c(q) = -2*q**3 + 2*q**2 + 2*q. Let g be c(-2). What is the highest common factor of g and m?
20
Suppose -27 = -3*k + 3*c, 2*c - 3 = -4*k + 9. Suppose 29 + 16 = k*v. Calculate the greatest common divisor of v and 18.
9
Let g(m) be the third derivative of -m**5/60 - 7*m**4/12 - m**3/3 - 10*m**2. Let n be g(-10). Calculate the highest common divisor of n and 19.
19
Let n = -18 - -58. Calculate the greatest common divisor of 8 and n.
8
Let b be (2 - (-3)/(-3))*6 + 0. What is the greatest common divisor of b and 6?
6
Let u(f) = -9*f + 3. Let b be u(-7). Let m be (14/6)/((-2)/(-24)). Suppose 0 = -3*l - m + 94. What is the greatest common divisor of l and b?
22
Let y = -1 - -16. What is the highest common divisor of 5 and y?
5
Let o(g) = -g**3 - 12*g**2 - 13*g - 8. Let s be o(-11). Suppose u - 17 + 3 = 0. What is the greatest common divisor of s and u?
14
Suppose -51 - 3 = -3*p. Let b = -21 + 30. What is the greatest common divisor of p and b?
9
Suppose -22 - 17 = -j. Suppose -4*u + 3*d + 43 = 0, 5*d = -0*u + 2*u - j. Suppose -2*o - 120 = -u*o. Calculate the highest common factor of o and 6.
6
Let n(a) = a**3 + 4*a**2 - a - 1. Let u be n(-3). What is the greatest common divisor of 11 and u?
11
Suppose 0 = -2*l + 3*f + 45, 2*l - 2*f = 3*l - 12. Let g be 750/14 + 24/56. Calculate the highest common divisor of l and g.
18
Let f(m) = m**2 + 3*m - 4. Let z be f(-17). What is the highest common divisor of 26 and z?
26
Suppose 3*o - 6 = 0, -4*i + 9*i - 106 = -3*o. Let y = i - -7. What is the greatest common divisor of y and 9?
9
Suppose -2*u = -7*u + 1470. Let j = u - 192. What is the highest common factor of 17 and j?
17
Let n be (-352)/(-20)*(5/2 + 0). Calculate the greatest common divisor of n and 66.
22
Suppose 102 = 2*o - 108. Suppose -6*m + o = -m. Let s be (54/(-21))/((-3)/m). Calculate the highest common factor of 12 and s.
6
Let i be (-223)/(-9) + (-2)/(-9). Suppose -y = -13 - 62. Calculate the highest common factor of y and i.
25
Let s be (-60)/(-14) - 4/14. Suppose -s - 14 = -i. Suppose -2*n = -n - 9. Calculate the highest common factor of n and i.
9
Let p = -34 + 38. Suppose 4*s = 11 + 1. Suppose 1 = g - s*o, g - 33 = -p*g + o. What is the highest common divisor of g and 1?
1
Suppose 0 = 5*c + 25 - 10. Let n(q) = q**2 - q - 2. Let j be n(c). What is the highest common factor of 2 and j?
2
Let u(f) = -3*f**2 - f - 3. Let k(d) = -d**2 - 5*d - 3. Let z be k(-5). Let p be u(z). Let b be -15*12/p*3. Calculate the highest common factor of 160 and b.
20
Let v be 51 - (-6 - (-4 + 2)). Calculate the greatest common divisor of 22 and v.
11
Suppose -4*o = 2*f - 22, -15 = 5*f - 2*o - 2*o. What is the greatest common factor of f and 5?
1
Let y be (1/3)/((-5)/(-195)). Suppose 2*b + 10 = -6. Let u(t) = t**2 - 8*t - 11. Let f be u(b). What is the highest common factor of y and f?
13
Let h = 80 + -53. What is the highest common divisor of h and 1?
1
Let l be -2 + 2/1 - -6. Suppose -4*u = -z - 12, -u - u - 2*z + l = 0. Suppose 3*i - q = 6, -i + 4*q = u*i. Calculate the greatest common factor of 15 and i.
3
Let c be ((-10)/(-4))/((-3)/6). Let n = 4 - c. What is the greatest common divisor of 6 and n?
3
Suppose -2*o = 0, 3*v = -4*o - 0*o + 147. Calculate the highest common factor of 7 and v.
7
Let y = -6 + 6. Suppose 0 = v - y*v. Suppose 2*o = j - 67, o + v*o + 131 = 2*j. What is the greatest common factor of 13 and j?
13
Let i = -9 - -7. Let r be 37 + ((-6)/2 - i). Calculate the highest common divisor of 12 and r.
12
Let v(b) = 5*b**2 - 2*b**2 - 3 - b**2 - 3*b + b**2. Let p be v(-2). Let s = 105 - 60. Calculate the greatest common divisor of p and s.
15
Suppose -5 = 3*i + 7. Let d = i - -6. Let n be d/3*78*2. Calculate the greatest common factor of n and 13.
13
Let u(x) = -x + 5. Suppose 0*a + 3*a = 2*c + 26, -3 = c + a. Let s be u(c). What is the greatest common factor of 36 and s?
12
Let m(n) = -n + 1. Let d be m(-1). Suppose 2*r = -d*r + 396. What is the greatest common divisor of r and 11?
11
Let l = 53 + -37. Suppose 4*j - 36 = q - 5*q, -4*j = -q - l. Suppose 2*n + q*f = -9 + 33, 5*f - 26 = -2*n. Calculate the highest common divisor of n and 16.
8
Let k be (-34)/6 + (-3)/9. Let m = k - -4. Let g be (44/m)/(0 - 2). Calculate the highest common divisor of 44 and g.
11
Let l = -31 - -64. Calculate the greatest common factor of l and 3.
3
Let p(z) = -z + 2. Let j(c) = c - 2. Let a(h) = -5*j(h) - 6*p(h). Let y be a(6). Calculate the greatest common factor of 1 and y.
1
Suppose -h - 4*t - 2 = 0, -3*h + 4*t = -5*h. Suppose -3*o = -h*o - 20. What is the greatest common factor of 30 and o?
10
Let j(z) = z**3 + 6*z**2 + 3*z - 5. Let c be j(-5). Suppose -c*p = -2*p - 9. Let l be 2 + 13 - p - 3. Calculate the highest common factor of 27 and l.
9
Suppose d - 5*d = -212. Let g = 79 - d. Suppose -w = 5*h - 8, -2*w - h + g = 4*h. What is the highest common divisor of w and 6?
6
Let x(b) = 26*b**2 - 6*b - 1. Let m(d) = -25*d**2 + 7*d + 1. Let p(r) = 5*m(r) + 6*x(r). Let n be p(2). What is the greatest common factor of n and 11?
11
Su